e s(t).
-3
Let v be -2 - (-14 + 10 + 15). Let d(m) = m - 10. Calculate d(v).
-23
Let q(z) = 13*z + 56 + 21*z - 14*z - 23 - 13*z. Determine q(11).
110
Let i(n) = -n**3 - 11*n**2 + 9. Let p be i(-11). Let h(q) = 6*q**2 - p*q + q**3 + 34 - 23 - 16. Suppose 31 = -5*z + m, 2*z - 3*m - 2*m = 6. Determine h(z).
9
Let v be (-5)/(4 - -1)*-3. Let w(i) = 4*i + 2 - 2*i - 6 + v. Let t = -1 + 2. What is w(t)?
1
Let d(o) = -o**3 - 5*o**2 - 4*o. Let a = -46 - -115. Let w be 0 - 10/(2 + (-132)/a). Let k = w - -112. Calculate d(k).
-6
Let b = 47 + -42. Suppose b*o = 99 + 1. Suppose 47*w = 42*w + o. Let c(x) = 2*x**2 - 5*x - 2. Calculate c(w).
10
Suppose 10 = -39*t - 146. Let p(a) = a**2 + 12*a + 22. Calculate p(t).
-10
Let i(j) = 2*j**2 - 27*j - 6. Let h be (-2)/((-24)/117)*444/333. Calculate i(h).
-19
Suppose 5*f = -5*p, 8*f - 2*p - 28 = 3*f. Suppose f*z = -9*z - 91. Let h(s) = s**3 + 5*s**2 - 8*s - 9. Give h(z).
-51
Let x(a) = a**3 + 24*a**2 - 24*a + 29. Let i be x(-25). Suppose i*d - 3 = y, -4*d - 3*y = -d - 21. Let s(r) = -4 + 10 - 6*r + r**d - 2*r. Calculate s(8).
6
Let a = -321 - -320. Let p be 19 - 21 - (a - 2). Let c(k) = -5*k - 1. What is c(p)?
-6
Let q = 507 + -512. Let v(t) = t**2 - 1. Let w(o) = -5*o**2 + 6*o + 13. Let k(c) = 6*v(c) + w(c). Let x be k(q). Let n(u) = 3*u - 2. Calculate n(x).
4
Let s = -196 - -310. Suppose 122*p - s*p = -8. Let q(y) be the first derivative of y**4/4 + y**3/3 - y**2/2 - y - 2. Calculate q(p).
0
Let s(r) = 5*r**2 - 14*r**2 - 27*r + 35*r - 8 + r**3 + 5*r**2 + 12*r**2. What is s(-6)?
16
Let d(b) = -5*b + 3. Let r be 218/436 + (-1)/(2/3). Let s(m) = 0*m - 3 - m + 5. Let n(p) = r*d(p) + 4*s(p). What is n(-9)?
-4
Let t = 6 - 1. Let r be 16 + 6 + (t - 8). Suppose 3*n = -2*d + 1 - 0, n - r = 2*d. Let m(i) = -i**3 - 6*i**2 + 10*i + 8. Give m(d).
-13
Let u be (-70)/(-15) + 2/(-18)*-3. Let y(k) = 21 + u*k - k - k - 4*k - 5. Calculate y(15).
1
Let g(y) be the first derivative of y**4/4 + 7*y**3/3 + 21*y**2/2 + 146*y + 8075. Give g(-7).
-1
Suppose 0 = -9*u + 2*u + 84. Let t(s) = 3*s - 9. Let v be t(10). Let g be (-45)/7 - u/v. Let d(m) = m + 17. Give d(g).
10
Let k(u) = 890*u - 7120. Let y be k(8). Let o(t) = -t**3 + 2*t**2 - 2*t + 88. Give o(y).
88
Let u(s) be the second derivative of 4/3*s**3 + 85*s - 5/2*s**2 + 0. Calculate u(1).
3
Let d(n) = -n + 5. Let i = -39 - -43. Let r be i + (-3 + 4)*-1. Suppose -27 = -2*f + 5*s, f = -f - r*s + 3. Give d(f).
-1
Let d(j) be the second derivative of 13*j**4/12 - 5*j**3/6 + j**2 - 443*j. Give d(3).
104
Let a(u) be the second derivative of u**5/10 + u**4/4 - 5*u**3/6 - 3*u**2/2 + 3*u. Let l = -160 - -157. What is a(l)?
-15
Let o(i) = -3*i + 4*i + 3*i**3 + 10*i**3. Let u(t) = 2*t**2 - 6*t + 13. Let m be u(2). Suppose 15 = 24*y - m. Calculate o(y).
14
Let x(c) = -22*c - 2. Let u(l) = 128*l + 11. Let f(o) = -u(o) - 6*x(o). Calculate f(1).
5
Suppose -2*g - 50 = 4*c, -8*g = -5*c - 5*g - 90. Let s(j) = -j**3 - 13*j**2 + 32*j + 36. Determine s(c).
6
Suppose -5*q + 67 = -65*i + 63*i, 2*q = 5*i + 31. Let t(y) = -y**3 + 13*y**2 - 4*y + 8. What is t(q)?
-44
Suppose -2*c + 5 = -3*g + 3*c, 0 = 4*g - 3*c - 8. Suppose -3*l + 9 = 0, 0 = -0*h - h - g*l + 13. Let z(f) = 5*f + 8. What is z(h)?
-2
Let v(g) = 15*g**2 - 42*g + 17. Let c(k) = 4*k**2 - 11*k + 4. Let r(x) = -22*c(x) + 6*v(x). What is r(6)?
26
Let f(h) = -h**2 + 3*h - 2. Let k be (-3)/(-30)*-2*(142 - 127). What is f(k)?
-20
Let g(a) = -a**2 + 3*a + 6. Let u(q) = q + 6. Let d be u(23). Suppose 13*n + 23 + d = 0. What is g(n)?
-22
Let h(y) = -2*y**2 - 4*y - 3. Let w = 77 + -35. Let i = -46 + w. Let r be (-25)/(-10)*i/5. Give h(r).
-3
Let k(s) = s**2 + 2*s - 35. Let m be 0/(22 - (4 + 20)). What is k(m)?
-35
Let n(q) = -19*q + 157. Let p be (-110)/(-30) + -3 + -2 + (-28)/(-3). What is n(p)?
5
Let r(o) be the second derivative of 2/3*o**3 + 0 + 283*o - 1/20*o**5 + 5*o**2 - 7/12*o**4. Determine r(-7).
-18
Let h(w) = 22*w + 28. Let q be (441/42 + -10)*(-15 + 1). Calculate h(q).
-126
Let n(i) = -34*i + 16. Let g(w) = -97*w + 45. Let j(r) = -4*g(r) + 11*n(r). Calculate j(-1).
-18
Suppose 10 - 2 = 8*d. Let n(f) = d + 13*f**2 - 3*f + 5*f + 3*f - 7*f. Let t = 21 - 20. Calculate n(t).
12
Let w(o) = 2*o**3 + 12*o**2 - 3*o - 15. Let s(n) = n**3 + 15*n**2 - 2*n - 13. Let g(t) = 3*s(t) - 2*w(t). Give g(21).
-9
Suppose -26*j + 23*j - 35 = -2*l, l = 5*j + 56. Let x(k) = 6*k**2 + 60*k - 70. Calculate x(j).
-4
Let o(i) = i**2 - 36*i - 107. Suppose -3*a = l - 51, l = 356*a - 352*a + 23. Give o(l).
10
Let t(i) = 14*i - 11*i**2 + 0*i**3 + i**3 + 12 - 4*i. Give t(9).
-60
Let o(w) be the second derivative of -1/3*w**3 - 12 - 1/12*w**4 - 3/2*w**2 - 6*w. What is o(3)?
-18
Let l(s) = -8*s**2 - 20*s + 21. Let f(j) = 4*j**2 + 8*j - 8. Let m(h) = 5*f(h) + 2*l(h). Give m(-2).
18
Suppose -5*s + p + 4 = 0, -3*p + 4 = s - 0*s. Let v(a) = -4 + 4*a + 0*a + 2 - 6*a. Give v(s).
-4
Let b be (-133)/38*4/(-56)*-4. Let f(q) = q + q - q + 0. Let y(p) = -7*p + 16. Let i(w) = b*y(w) - 6*f(w). Give i(0).
-16
Let y be (-3)/(123/(-12) - -8)*81/(-36). Let p(c) = -c**3 - 4*c**2 - 3*c - 6. Give p(y).
-6
Let b(z) = -z**3 - 9*z**2 - 8*z - 8. Let x(f) = 3*f + 2. Let i(n) = 24*n - 26. Let w(r) = i(r) - 6*x(r). Let h be w(5). Calculate b(h).
-8
Let q(n) = 3*n - 5. Suppose -65 - 58 = 41*h. Give q(h).
-14
Let x = -2 - -3. Let p(n) be the second derivative of -n**5/20 - n**4/6 + n**3/3 - n**2/2 - 2598*n. Give p(x).
-2
Let f(i) = i + 3. Let q be f(2). Suppose -q*p = -2*w - 5, -3*p = -7*p + w + 7. Suppose 10*z = p*z - 14. Let n(k) = -5*k + 1. Calculate n(z).
11
Let j(m) be the first derivative of m**4/4 + 5*m**3 + 5*m - 840. What is j(-15)?
5
Let q(i) = i**3 + 3*i**2 - 6*i + 5. Let w(c) = -c**3 + 33*c**2 - c + 28. Suppose -2*n = 2*b - 58, 0*n + 5*n + 3*b - 153 = 0. Let s be w(n). Give q(s).
-15
Let h(n) = n**2 - 34*n + 15. Let w(g) = 7*g**2 - 42*g + 90. Let j be w(2). Give h(j).
15
Let i(h) = h**3 - 2*h**2 - 2*h. Let g(c) = -c**2 - 2*c**2 + 109*c - 79*c + 2 - 3*c**2. Let t be g(5). Determine i(t).
-4
Let z(s) = s**2 - 12*s + 8. Suppose -5*x - 3*g + 21 = 0, x + g + 0*g - 3 = 0. Let b(q) = q**2 - 11*q + 7. Let m(w) = x*b(w) - 5*z(w). Give m(5).
-3
Let n(i) be the second derivative of 24 - 9/2*i**2 - 2*i - 1/12*i**4 - 5/3*i**3. Give n(-9).
0
Let u be -13 - -1 - -2 - (-23 - -51)/(-7). Let l(h) = h**2 + 14*h + 6. What is l(u)?
-42
Let t(w) be the first derivative of w**4/4 - 10*w**3/3 + 3*w**2 + 22*w + 1046. What is t(9)?
-5
Let u(q) be the third derivative of -q**2 - 9*q + 0 + 1/15*q**5 - 1/6*q**3 + 1/12*q**4. Calculate u(2).
19
Let t(k) = -k**3 + 3*k**2 + 7*k - 10. Let u(j) = j**2 - 20*j + 74. Let n be u(16). Let l be 38/n + (-42)/(-210). Determine t(l).
2
Let q(w) = -w**3 - 3*w**2 + 2*w - 9. Let g(k) = -k**2 - 140*k - 808. Let a be g(-134). Give q(a).
-1
Let d(s) = 7*s**2 - 4*s - 1. Suppose -15 - 1 = -4*q. Let r(u) = -15*u**2 + 9*u + 2. Let x(t) = q*r(t) + 9*d(t). Let l = -584 + 585. Give x(l).
2
Let m(o) = 4374650*o - 4374646*o + 1 - 2*o**3 + 5*o**2 - 2. Calculate m(3).
2
Let o(t) = -8*t - 42. Let y(s) = -s**3 - 5*s**2 - 6*s - 12. Let n be y(-4). Give o(n).
-10
Let v(l) = 9*l**2 - 12*l + 5. Suppose s - 110 + 114 = 0. Let o(b) = 7*b**2 - 10*b + 4. Let y(q) = s*o(q) + 3*v(q). Calculate y(3).
2
Let t(n) = n**3 + 2*n**2 + 5*n + 5. Let s(q) = q**2 - 143*q + 1326. Let y be s(10). Give t(y).
-47
Let u(i) = i**2 + 16*i + 19. Let x(q) = q**2 - 27*q + 77. Suppose 5*m - 100 = 15. Let n be x(m). Determine u(n).
4
Suppose 2*u - q - 10 = 0, 8 = 31*q - 35*q. Let y(r) = r**3 - 3*r**2 - 6*r + 10. What is y(u)?
2
Let z(c) = -6*c**2 - 5*c + 3. Suppose 3*o - 4*k + 24 = 0, -o + k + 0*k - 7 = 0. What is z(o)?
-73
Let a be -1*(-14 - -18 - -14). Let k(h) = -h**3 - 18*h**2 - 4*h - 72. Determine k(a).
0
Let l(j) = -131 + 179 + 75*j - 73*j. What is l(-21)?
6
Let h = -395 + 415. Let a be (1 + (-3 - -1))/((-5)/h). Let j(i) be the third derivative of -i**4/24 - 5*i**3/6 + i**2. Give j(a).
-9
Let z(l) be the first derivative of -7*l**3/6 - l**2/2 + 22*l + 36. Let h(m) be the first derivative of z(m). Calculate h(1).
-8
Let h(r) = -r**3 - 10*r**2 + r + 9. Let k be 12/(-9)*(2 - 8)/(20/(-25)). Give h(k).
-1
Let a = 50 - 47. Let j(t) = 7*t - 4*t - 6*t - a*t - 2. Calculate j(-2).
10
Let x(m) = -2*m + m + 2*m - 3. Let g(p) = p**2 + 16*p + 7. Let